t(i) = -33*i**2 + 496*i + 20. What is t(15)?
35
Let p(v) = -v - 48. What is p(-9)?
-39
Let b(w) = -2*w**2 + 14*w + 109. Determine b(-6).
-47
Let f(k) = -11*k**3 - 3*k**2 - 6*k - 10. Give f(-3).
278
Let x(p) = 2*p**3 - 25*p**2 + 26*p + 232. Determine x(5).
-13
Let u(g) = -4*g**3 + 53*g**2 + 134*g - 1909. Give u(13).
2
Let p(k) = 66*k + 1455. Give p(-22).
3
Let l(d) = -32*d + 171. Calculate l(-10).
491
Let f(d) = 3*d**2 + 364*d - 2218. Give f(6).
74
Let j(n) = -7*n**3 - 97*n**2 + 5*n - 130. Calculate j(-14).
-4
Let n(g) = 2*g**3 - 32*g**2 + 53*g + 5. Calculate n(14).
-37
Let d(s) = -10*s**3 - 48*s - 223. Give d(-4).
609
Let b(f) = -f**3 + 69*f**2 - 86*f + 1187. What is b(68)?
-37
Let n(s) = 517*s + 3619. What is n(-7)?
0
Let v(w) = 3*w**2 - 208*w + 16. What is v(68)?
-256
Let d(x) = -169*x - 137. Give d(-2).
201
Let s(f) = -9*f**2 + 95*f - 22. Calculate s(15).
-622
Let v(n) = 13*n + 297. Determine v(4).
349
Let k(z) = 146*z - 1452. Determine k(10).
8
Let a(j) = 23*j - 2101. Give a(91).
-8
Let c(z) = 2*z**3 + 24*z**2 - 23*z + 53. What is c(-13)?
14
Let h(i) = -2*i**3 - 9*i**2 + 8*i - 17. Determine h(3).
-128
Let a(i) = 23*i**2 + 253*i - 37. What is a(-11)?
-37
Let u(t) = -t**3 - 31*t**2 - 92*t - 75. What is u(-28)?
149
Let v(f) = -f**3 + 22*f**2 - 86*f + 34. Give v(17).
17
Let a(q) = -587*q**3 - 36*q - 36. What is a(-1)?
587
Let a(f) = -4*f**3 - 8*f**2 + 41*f + 28. What is a(4)?
-192
Let l(o) = 6*o**3 + 19*o**2 - 9*o - 6. What is l(-5)?
-236
Let b(g) = -19*g + 325. Give b(20).
-55
Let f(w) = 2*w + 65. Calculate f(48).
161
Let d(x) = x**3 + 6*x**2 + 2*x - 49. Calculate d(0).
-49
Let k(s) = 72*s - 3319. Determine k(47).
65
Let g(n) = n**3 - 18*n**2 - 36*n - 34. What is g(20)?
46
Let i(f) = f**2 + 345*f - 2825. What is i(8)?
-1
Let n(x) = 6*x**2 + 47*x - 5. Determine n(-8).
3
Let h(b) = -4*b**3 - 29*b**2 - 8*b + 11. What is h(-6)?
-121
Let l(y) = -y**2 - 20*y + 356. Calculate l(-32).
-28
Let q(y) = -y**2 + 87*y - 1020. What is q(14)?
2
Let l(x) = x**3 - 26*x**2 - 212*x - 352. Calculate l(33).
275
Let y(k) = 13*k**2 + 430*k - 867. Give y(2).
45
Let s(q) = q**2 - 323*q + 650. Give s(2).
8
Let a(y) = -y**3 + 23*y**2 - 20*y - 39. Give a(22).
5
Let n(j) = 2*j**2 + 71*j - 40. Calculate n(-23).
-615
Let m(l) = l**2 + 36*l - 138. Calculate m(3).
-21
Let a(v) = -6*v**3 + 72*v**2 - 17*v + 121. Determine a(12).
-83
Let k(l) = -l**3 - 28*l**2 - 62*l + 48. Determine k(-3).
9
Let t(f) = -f**3 + 25*f**2 - 24*f + 129. Determine t(24).
129
Let t(g) = -2*g**3 + 50*g**2 - 88*g - 111. Determine t(23).
-19
Let h(s) = -s**3 + 33*s**2 - 54*s - 224. Give h(31).
24
Let r(f) = f**3 + 4*f**2 - 69*f - 59. Give r(7).
-3
Let p(q) = -3*q**3 - q**2 + 24*q + 23. What is p(-1)?
1
Let r(q) = -2*q**3 - 5*q**2 + 22*q - 11. What is r(2)?
-3
Let i(y) = -133*y + 18227. Determine i(137).
6
Let m(z) = -2*z**2 + 78*z - 28. Calculate m(31).
468
Let u(i) = i**3 + 19*i**2 + 60*i + 1039. Give u(-19).
-101
Let g(k) = 5*k**3 + 77*k**2 + 26*k - 16. Give g(-15).
44
Let l(o) = 47*o + 3. Give l(5).
238
Let x(t) = t**2 - 67*t + 742. Give x(14).
0
Let r(v) = -2*v**2 - 110*v + 16. Give r(-55).
16
Let n(r) = r**2 + 8*r - 94. Calculate n(-8).
-94
Let d(h) = 39*h - 956. Calculate d(24).
-20
Let z(i) = -4*i**2 + 424*i + 1287. Calculate z(-3).
-21
Let j(x) = 2*x**2 - 17*x - 12. Determine j(12).
72
Let v(w) = 137*w - 403. Calculate v(3).
8
Let b(r) = r**3 - 18*r**2 - 14*r + 334. Determine b(18).
82
Let j(a) = -25*a**2 + 24*a + 43. Determine j(-2).
-105
Let c(t) = t**3 + 149*t**2 + 163*t + 2222. What is c(-148)?
2
Let t(c) = c + 69. What is t(-54)?
15
Let w(t) = t**3 - 407*t**2 + 34772*t - 566. What is w(285)?
4
Let m(b) = 15*b + 174. Determine m(-12).
-6
Let o(u) = -55*u**2 - 221*u + 2. Calculate o(-4).
6
Let i(z) = 34*z + 4. Give i(-3).
-98
Let o(l) = l**3 - 29*l**2 + 159*l + 54. Calculate o(8).
-18
Let m(f) = 2*f**2 + 60*f - 21. Determine m(-15).
-471
Let d(a) = -a**2 - 371*a - 729. What is d(-2)?
9
Let p(x) = -5*x**3 - 99*x**2 + 24*x + 32. Give p(-20).
-48
Let v(t) = -2*t**2 - 173*t - 3693. What is v(-41)?
38
Let q(w) = 2573*w - 10282. Calculate q(4).
10
Let o(f) = 7*f**2 + 93*f - 14. Give o(-14).
56
Let b(o) = -o**3 + 45*o**2 + 49*o - 163. Determine b(46).
-25
Let x(f) = -f**2 + 119*f + 1274. Give x(-10).
-16
Let d(g) = -292*g - 5847. Calculate d(-20).
-7
Let v(l) = -103*l**2 + 293*l - 35. Determine v(3).
-83
Let c(a) = 41*a**2 + 10*a + 17. Calculate c(-3).
356
Let g(u) = 2*u**3 - u**2 - 3*u + 2. Give g(5).
212
Let x(d) = 3888*d + 23345. Determine x(-6).
17
Let h(o) = -14*o**2 - 13*o + 14. Determine h(1).
-13
Let n(z) = -z**3 - 29*z**2 - 47*z + 160. What is n(-27)?
-29
Let v(l) = 2*l**3 - 5*l**2 - l + 9. What is v(-3)?
-87
Let h(a) = 8*a - 14. Give h(-3).
-38
Let g(d) = -2*d - 297. Determine g(44).
-385
Let b(l) = -512*l + 6635. What is b(13)?
-21
Let y(r) = -r**3 + 24*r**2 - 73*r + 207. Give y(21).
-3
Let y(m) = -3*m**2 - 57*m + 877. What is y(-29)?
7
Let z(i) = -i**2 - 9*i + 108. What is z(7)?
-4
Let t(c) = -c**3 + 11*c**2 + 31*c + 12. Calculate t(13).
77
Let g(k) = 210*k - 44. Calculate g(1).
166
Let i(f) = 9*f**2 + 1690*f + 3384. Give i(-2).
40
Let v(r) = 9*r**2 + 110*r + 112. What is v(-17)?
843
Let x(i) = -8*i + 130. Determine x(16).
2
Let v(p) = 18*p**2 + 7*p + 3. Give v(-4).
263
Let m(g) = g**2 + 4*g + 9. What is m(6)?
69
Let s(p) = 528*p - 2639. What is s(5)?
1
Let j(s) = s**2 + 10*s + 4. Determine j(-21).
235
Let q(c) = -116*c + 2349. Calculate q(20).
29
Let d(q) = -q**2 + 10*q + 250. Calculate d(-11).
19
Let g(l) = l**3 - 34*l**2 + 44*l + 159. Give g(3).
12
Let v(r) = r**3 - 18*r**2 + 25*r + 112. Determine v(16).
0
Let z(u) = -u**2 - 210*u - 10441. Determine z(-80).
-41
Let d(r) = -r**3 - 9*r**2 + 109*r - 49. Determine d(-16).
-1
Let f(p) = p**2 - p - 219. Determine f(-14).
-9
Let l(k) = 41*k**3 + k**2 + 7*k - 5. Determine l(1).
44
Let i(k) = -2672*k - 5342. Calculate i(-2).
2
Let p(b) = 164*b - 1643. Calculate p(10).
-3
Let h(t) = 2*t**2 + 663*t - 19740. Determine h(-359).
5
Let q(z) = -113*z + 383. What is q(3)?
44
Let z(b) = -4*b**2 + 12*b + 71. What is z(-3)?
-1
Let o(x) = -x**3 + 21*x + 147. Determine o(-6).
237
Let l(v) = 2*v**3 + 1441*v**2 - 2886*v - 4. What is l(2)?
4
Let m(p) = -3*p**2 + 21*p + 6. Determine m(6).
24
Let w(l) = -2*l**3 - 6*l**2 + 22*l + 19. Give w(-3).
-47
Let n(x) = -x**2 - 30*x - 18. Calculate n(-29).
11
Let n(h) = -38*h - 864. Give n(-23).
10
Let r(s) = -5*s**2 - 89*s - 52. What is r(-18)?
-70
Let g(m) = m**3 + 6*m**2 - 48*m + 15. Give g(-11).
-62
Let u(w) = w**2 - 436*w - 75674. Give u(-133).
3
Let h(p) = 55*p**2 + 4*p - 12. Calculate h(2).
216
Let s(n) = n**3 - 32*n**2 + 57*n + 120. Give s(30).
30
Let b(h) = -10*h - 98. What is b(-17)?
72
Let b(q) = -q**3 + 12*q**2 + 81*q + 35. Calculate b(16).
307
Let w(s) = -s**3 - 28*s**2 - 202*s - 24. Give w(-13).
67
Let c(b) = -2*b**2 + 12*b + 744. Give c(22).
40
Let a(y) = 6*y + 166. Give a(30).
346
Let b(q) = 2*q**3 - 294*q**2 - 294*q - 306. Give b(148).
-10
Let l(g) = -80*g**2 + 1363*g - 8. Give l(17).
43
Let l(f) = 2*f**2 - 205*f - 118. What is l(103)?
-15
Let b(l) = -l**3 - 26*l**2 - 219*l - 589. Give b(-11).
5
Let v(t) = -140*t - 521. Calculate v(-3).
-101
Let y(w) = 850*w + 5953. Calculate y(-7).
3
Let v(i) = 2*i**2 + 89*i + 41. What is v(-42)?
-169
Let u(i) = 76*i - 911. Give u(12).
1
Let z(h) = h**2 + 168*h - 5755. Determine z(30).
185
Let q(t) = -34*t**2 - 185*t - 17. Give q(-5).
58
Let p(f) = 27*f + 201. Calculate p(-6).
39
Let m(r) = 79*r + 542. What is m(-7)?
-11
Let h(p) = -90*p**2 - 9454*p - 416. Calculate h(-105).
4
Let s(l) = -6692*l + 33468. What is s(5)?
8
Let v(d) = -4*d**3 + 5*d**2 - 15*d + 38. Determine v(3).
-70
Let r(j) = 5*j**2 + 13*j - 5. What is r(5)?
185
Let i(n) = -53*n + 20. Calculate i(-3).
179
Let w(t) = 349*t**3 - 2*t**2 - 2*t + 1. Give w(-1).
-348
Let y(p) = -22*p**2 + 328*p + 962. Determine y(-3).
-220
Let f(p) = 4*p**3 + 27*p**2 + 3*p + 32. Calculate f(-7).
-38
Let b(w) = 74*w - 3047. Determine b(41).
-13
Let a(j) = -j**2 - 12*j + 63. Calculate a(7).
-70
Let i(f) = 8*f**2 - 53*f + 62. Give i(5).
-3
Let w(c) = c**3 - 4*c**2 - 52*c - 35. What is w(-7)?
-210
Let j(k) = -k**3 - 14*k**2 - 26*k - 175. What is j(-13)?
-6
Let i(s) = 19*s - 1630. Calculate i(84).
-34
Let z(a) = -a**2 - 39*a - 19.